 - 10*q**2 - 9*q + 2. Let y be l(-9). Suppose 3*t - 7*s - 584 = -3*s, y*t - 4*s - 392 = 0. What is the tens digit of t?
9
Let j(t) = 454*t**2 + 26*t - 2. What is the thousands digit of j(-3)?
4
Suppose 0 = 2*o - o + 4. What is the units digit of o*6/(-8) - -73?
6
Suppose 3*d + 794 = 5*n, 2*d + 3*d = 3*n - 486. Let a = n + -106. What is the tens digit of a?
5
Let i(u) = -u**2 + 3*u + 12. Let l be i(5). Suppose 12 = -l*p + 14. What is the tens digit of 51*4/6 + p?
3
Let k(c) = c**2 - 22*c + 10. What is the hundreds digit of k(-10)?
3
Suppose -2*w + 1 = -m - 1, 3*w = -6. Let h = m + 9. Suppose -2*z + 4*a = -50, 6*z - h*z = a + 65. What is the units digit of z?
1
Suppose 2*v + 5*w + 37 = 0, 0*w = -v - 4*w - 26. What is the tens digit of 321/6 - (-3)/v?
5
Let a be 153/(-135) + (-2)/(-15). What is the units digit of a*-3*(-815)/(-15)?
3
Suppose 23 = k + 5*u, 24 + 7 = 5*k - 3*u. Suppose k*t + 115 = 9*t. What is the hundreds digit of t?
1
Let o = -425 + 552. Suppose -122 - 26 = -2*f. Let x = o - f. What is the units digit of x?
3
Let r be (2/4)/((-13)/156). Let p(b) = b**3 + 8*b**2 + 3*b + 37. What is the tens digit of p(r)?
9
Let a(g) = -3*g - 12. Let r be a(-6). What is the units digit of 89 + (6/4)/(r/12)?
2
Let k = 15 + -13. Suppose -4*y + k*b = 22, b - 28 = y + 5*b. What is the units digit of (y/5 - -2)*5?
2
Let y be 13/(-3)*-2*18/12. Suppose y = 2*f - 35. What is the tens digit of f?
2
Suppose -c + 22 = -2*l, 66 = 3*c + l + 4*l. Let a be c/(-99) + (-256)/(-18). Let b = a + -5. What is the units digit of b?
9
Let k(q) = 838*q + 39. What is the hundreds digit of k(2)?
7
Let l = -676 + 1197. What is the units digit of l?
1
Suppose 7*q = 12*q - 2750. What is the units digit of q?
0
Let s(n) = n**2 - 24*n - 2. Let h be s(18). Let q = h + 128. What is the units digit of q?
8
Let s(w) = w - 38. Let r be s(13). Suppose -20 = -4*q, -4*q + 230 = 3*y - 0*q. Let c = y + r. What is the units digit of c?
5
Let i be -1 - -24 - (-4 - -2). Let m be (-2)/3 - (-80)/(-6). Let x = i + m. What is the units digit of x?
1
Suppose 0 = 3*l - 31*l + 12656. What is the tens digit of l?
5
Suppose 51*o = 30*o + 9345. What is the hundreds digit of o?
4
Suppose 5*m = -5, 2*y + m + 13 = 2. Let i = 5 + y. Suppose i = 2*z - 4 - 48. What is the units digit of z?
6
What is the tens digit of 2377 + -5 - (8 + (-12)/2)?
7
Let k(p) be the first derivative of p**4/4 + 1. Let v be k(0). Suppose -2*j - j + 54 = v. What is the units digit of j?
8
Let o(u) = u**3 - 31*u**2 + 59*u + 85. What is the tens digit of o(29)?
1
What is the hundreds digit of 8181/126*60 - (-12)/42?
8
Let d(p) = -36*p - 18. What is the tens digit of d(-2)?
5
Let a = 4 - 6. Let j be -1 + (a - -4) - -2. Suppose 0 = o + j*o + 2*y - 200, o - y = 47. What is the tens digit of o?
4
Suppose -2*r = -3*n - 8938, 0 = -3*r + 3*n - 5*n + 13433. What is the thousands digit of r?
4
Let q = 4364 + -1594. What is the thousands digit of q?
2
Let w = -8 + 11. Suppose 5*q + w*t = 25, 7 = 4*q + 2*t - 13. Let a(o) = 6*o - 3. What is the tens digit of a(q)?
2
Let q(t) = -2*t**3 - 8*t**2 - 3*t - 9. Let j be q(-6). Suppose 2*b - j = -5*z, 3*b = 3*z + z - 127. What is the tens digit of z?
3
Suppose 2*c + 0*c = -2, -5*k = -2*c - 962. What is the tens digit of k?
9
Let o = -43 + 46. Suppose -2*w + 4*w - 113 = y, o*w - 5*y - 187 = 0. What is the units digit of w?
4
Let k(u) = -u**3 - 15*u**2 - 26*u. Let i be k(-13). Suppose -c - 2 = i, 2*w + 3*w = 4*c + 1383. What is the tens digit of w?
7
Suppose 6*y + 176 = 8*y. Suppose -2*n = -0*n - y. What is the tens digit of n?
4
Suppose 5*y = 3*y - 10, 0 = l + y + 6. Let j(i) = i**2 - i. Let z(f) = 38*f**2 - 5*f - 1. Let r(u) = -4*j(u) + z(u). What is the tens digit of r(l)?
3
Let t(n) = n**3 - 19*n**2 + 5*n - 47. What is the tens digit of t(19)?
4
Let q(i) be the second derivative of 37*i**3/6 - 11*i**2/2 + 32*i. What is the hundreds digit of q(7)?
2
Suppose 0 = j - 5*b - 28, b + 8 = j - 0*b. Suppose 0 = -j*d + 6*d - 162. What is the tens digit of d?
5
Let k(r) = -20*r - 1. Suppose 8*c + 48 = -0*c. What is the tens digit of k(c)?
1
Let s(q) = 8*q**2 + 7*q + 5. What is the units digit of s(-2)?
3
Let l be -1*-3*(-4)/(-6). Let d(a) = -2 + a - 2 - l. What is the units digit of d(7)?
1
Suppose -6*t = 21*t - 20034. What is the tens digit of t?
4
Let b = 81 + -80. Suppose -3*m = 4*z - 59, 3*z - b + 13 = 0. What is the units digit of m?
5
Let d be -3 + 6 + 2 + -4. Let p be ((3 - 3)/(-4))/d. Suppose 3*a + 0*a + 46 = 2*s, 3*s - 2*a - 64 = p. What is the tens digit of s?
2
Suppose -3*w + 1 = -5. Suppose -2*i + 20 = 4*m, 0*m - 14 = -i + w*m. What is the tens digit of i?
1
Let r be 1 - (1 + 0)*1. Suppose 2*l - f = 101, r*l - 3*f = l - 33. What is the units digit of l?
8
Suppose -d - 4*j - 12 - 14 = 0, 3*d + 3*j = -33. Let i be 64/(-24) + (-4)/d. Let l = 21 - i. What is the tens digit of l?
2
Suppose 3*w - 4*m = 5077, 0 = -2*w - 2*m + 836 + 2530. What is the hundreds digit of w?
6
Let b(c) = 403*c**2 - 28*c. What is the tens digit of b(-2)?
6
Let u = 304 - 200. What is the units digit of 3*(-3 + u/6)?
3
Let u(g) = g - 124. Let n be u(0). Let b = -46 - n. Let c = b + -42. What is the units digit of c?
6
Let a(z) = -z**3 - 19*z**2 - 19*z - 3. Let c be a(-18). What is the tens digit of (-1255)/75*-3 + (-3)/c?
5
Let k = -124 - -125. What is the tens digit of (k + 0)*444/((-16)/(-4))?
1
Let f = 714 - 202. What is the tens digit of f?
1
Suppose -4*z + 48 = -0*z. Let l = 24 + z. Let d = -8 + l. What is the tens digit of d?
2
Let l(q) = -11*q - 3. Let g(a) = 2*a**2 + 25*a + 5. Let u be g(-12). What is the units digit of l(u)?
4
Let k = 470 - -606. What is the tens digit of k?
7
Let f = 2672 - 14. What is the thousands digit of f?
2
Suppose 5*h - h = -4*p + 44, -2*h + 5*p = -43. Let w = h + 13. Let r = 47 - w. What is the tens digit of r?
2
Let j(q) = -59*q - 9 - 44*q + 19. What is the hundreds digit of j(-2)?
2
Suppose 14*b = 176 + 1000. Let y = b - 34. What is the units digit of y?
0
Suppose -b + 0 + 2 = 0. Suppose b*p - p - 114 = 0. What is the tens digit of p?
1
Let x(o) = -5*o + 8. Let z(n) = n**3 + 11*n**2 - 13*n - 18. Let v be z(-12). What is the tens digit of x(v)?
3
Suppose -82 = -11*j + 17. What is the units digit of j?
9
Suppose -3*f + 21*f - 7488 = 0. What is the units digit of f?
6
Let k = 1222 - 606. What is the units digit of k?
6
Let b = 222 + -221. What is the units digit of b?
1
Let c(s) be the second derivative of -s**4/6 - s**3/2 - 2*s. Let v be c(-3). What is the tens digit of 7/((-21)/v - 2)?
2
Let a(k) = 3*k**3 - 4*k**2 + 3*k. Let x = 5 + -2. Let u be x + (4/2)/(-2). What is the units digit of a(u)?
4
Let s(m) = 11*m + 12. Let a(d) = -d + 2. Let l be a(6). Let u be s(l). Let y = 97 + u. What is the units digit of y?
5
Suppose -a + 5 + 5 = -5*t, 2*a - 5*t - 10 = 0. Suppose a*u = 10*u - 50. What is the units digit of u?
5
Let b(o) be the first derivative of 2*o**3/3 - 4*o**2 - 13*o + 10. What is the tens digit of b(7)?
2
Suppose -1163 = -2*f + 71. What is the units digit of f?
7
Let l(q) = -q + 9. Let g be l(4). Suppose h = 5*i - 16, -g*i = -2*h - 4 - 8. Suppose h*n + 0*n - 92 = 0. What is the tens digit of n?
2
Let u = 25 - 23. Suppose 7*a = u*a + 4*k + 47, 2*a = -3*k + 5. What is the units digit of a?
7
Suppose 4*a - 43 = -11. Let j(u) = u**3 - 7*u**2 - 8*u + 1. Let v be j(a). Let p = v - -17. What is the tens digit of p?
1
Suppose 0 = 2*x - 0 - 4. Suppose z + 18 = 2*f, -x*z = -2*f - 0*f + 20. What is the tens digit of (-12)/(18/f - 3)?
1
Suppose 3*p - 2*p - 3 = 0. Let r(j) = -j**3 + 5*j**2 + 8*j - 3. Let h be r(6). Suppose y - q - q = h, -p*y + q = -37. What is the tens digit of y?
1
Let x(m) = m**2 + 32. Let q be x(0). Let d = -11 + q. What is the units digit of d?
1
Suppose 16 = -m - 3*m. Let r be 3 + (-20)/m - 3. Suppose -47 = -0*g - r*g - 2*x, 4*g + 2*x - 36 = 0. What is the tens digit of g?
1
Let i(f) = -f**2 - 90*f + 380. What is the units digit of i(-60)?
0
Let v(u) be the first derivative of 8*u**3/3 + 3*u**2/2 + 62. Let j(b) = b**3 - 2*b**2 - 2. Let k be j(2). What is the units digit of v(k)?
6
Suppose -21 = -3*z - 4*t, -3*z + 5*z + 6 = 4*t. Suppose z*s - 5*s - 4*y + 74 = 0, -5*s = y - 158. Let x = s + -3. What is the units digit of x?
8
Let i(q) = 5*q**2 + 0 + 5 + 0 + q**3 - 6*q. Let j 